{"id":89,"date":"2025-12-03T15:49:44","date_gmt":"2025-12-03T14:49:44","guid":{"rendered":"https:\/\/schraenkler.kuebler-webseite.de\/?page_id=89"},"modified":"2025-12-04T08:08:39","modified_gmt":"2025-12-04T07:08:39","slug":"leistungen","status":"publish","type":"page","link":"https:\/\/schraenkler-elektrotechnik.de\/?page_id=89","title":{"rendered":"Leistungen"},"content":{"rendered":"\t\t<div data-elementor-type=\"wp-page\" data-elementor-id=\"89\" class=\"elementor elementor-89\" data-elementor-post-type=\"page\">\n\t\t\t\t<div class=\"elementor-element elementor-element-52eb8105 e-con-full e-flex e-con e-parent\" data-id=\"52eb8105\" data-element_type=\"container\">\n\t\t\t\t<div class=\"elementor-element elementor-element-12c9bec4 elementor--h-position-left elementor--v-position-bottom elementor-widget elementor-widget-slides\" data-id=\"12c9bec4\" data-element_type=\"widget\" data-settings=\"{&quot;navigation&quot;:&quot;none&quot;,&quot;autoplay&quot;:&quot;yes&quot;,&quot;autoplay_speed&quot;:5000,&quot;infinite&quot;:&quot;yes&quot;,&quot;transition&quot;:&quot;slide&quot;,&quot;transition_speed&quot;:500}\" data-widget_type=\"slides.default\">\n\t\t\t\t\t\t\t\t\t\t<div class=\"elementor-slides-wrapper elementor-main-swiper swiper\" role=\"region\" aria-roledescription=\"carousel\" aria-label=\"Slides\" dir=\"ltr\" data-animation=\"fadeInUp\">\n\t\t\t\t<div class=\"swiper-wrapper elementor-slides\">\n\t\t\t\t\t\t\t\t\t\t<div class=\"elementor-repeater-item-9a8c82a swiper-slide\" role=\"group\" aria-roledescription=\"slide\"><div class=\"swiper-slide-bg elementor-ken-burns elementor-ken-burns--in\" role=\"img\" aria-label=\"Es_Bewegungsmelder-110_Rwg_Milieu-Buero_eciRGBv2\"><\/div><div class=\"elementor-background-overlay\"><\/div><div class=\"swiper-slide-inner\" ><div class=\"swiper-slide-contents\"><div class=\"elementor-slide-heading\">Schr\u00e4nkler Elektrotechnik<\/div><div class=\"elementor-slide-description\">seit \u00fcber 30 Jahren<\/div><\/div><\/div><\/div>\t\t\t\t<\/div>\n\t\t\t\t\t\t\t<\/div>\n\t\t\t\t\t\t\t\t<\/div>\n\t\t\t\t<\/div>\n\t\t<div class=\"elementor-element elementor-element-45fed43 e-flex e-con-boxed e-con e-parent\" data-id=\"45fed43\" data-element_type=\"container\">\n\t\t\t\t\t<div class=\"e-con-inner\">\n\t\t\t\t<div class=\"elementor-element elementor-element-8975adf elementor-widget elementor-widget-heading\" data-id=\"8975adf\" data-element_type=\"widget\" data-widget_type=\"heading.default\">\n\t\t\t\t\t<h1 class=\"elementor-heading-title elementor-size-default\">Leistungen<\/h1>\t\t\t\t<\/div>\n\t\t\t\t\t<\/div>\n\t\t\t\t<\/div>\n\t\t<div class=\"elementor-element elementor-element-c911aba e-flex e-con-boxed e-con e-parent\" data-id=\"c911aba\" data-element_type=\"container\">\n\t\t\t\t\t<div class=\"e-con-inner\">\n\t\t<div class=\"elementor-element elementor-element-47fef28 e-con-full e-flex e-con e-child\" data-id=\"47fef28\" data-element_type=\"container\" data-settings=\"{&quot;background_background&quot;:&quot;classic&quot;}\">\n\t\t\t\t<\/div>\n\t\t<div class=\"elementor-element elementor-element-738e97b e-con-full e-flex e-con e-child\" data-id=\"738e97b\" data-element_type=\"container\">\n\t\t\t\t<div class=\"elementor-element elementor-element-700e519 elementor-widget elementor-widget-text-editor\" data-id=\"700e519\" data-element_type=\"widget\" data-widget_type=\"text-editor.default\">\n\t\t\t\t\t\t\t\t\t<p><strong>Elektroinstallationen<\/strong><\/p><p>Wir bieten moderne und sichere Elektroinstallationen f\u00fcr Haus und Gewerbe, von Steckdosen und Beleuchtung bis zu Smart-Home- und Netzwerktechnik. Fachgerecht, effizient und nach aktuellen Normen. Zuverl\u00e4ssiger Elektroservice f\u00fcr Neubau, Sanierung und Erweiterung.<\/p>\t\t\t\t\t\t\t\t<\/div>\n\t\t\t\t<\/div>\n\t\t\t\t\t<\/div>\n\t\t\t\t<\/div>\n\t\t<div class=\"elementor-element elementor-element-94f7236 e-flex e-con-boxed e-con e-parent\" data-id=\"94f7236\" data-element_type=\"container\">\n\t\t\t\t\t<div class=\"e-con-inner\">\n\t\t<div class=\"elementor-element elementor-element-427c32f e-con-full e-flex e-con e-child\" data-id=\"427c32f\" data-element_type=\"container\">\n\t\t\t\t<div class=\"elementor-element elementor-element-dd2ed01 elementor-widget elementor-widget-text-editor\" data-id=\"dd2ed01\" data-element_type=\"widget\" data-widget_type=\"text-editor.default\">\n\t\t\t\t\t\t\t\t\t<p><strong>Funk-Smart-Home<\/strong><\/p><p>Wir installieren moderne Elektroanlagen sowie funkbasierte Smart-Home-Systeme, ideal zur schnellen Nachr\u00fcstung ohne zus\u00e4tzliche Kabel. Ob Beleuchtung, Schalter, Heizungssteuerung oder Sicherheit: Wir bieten flexible, komfortable und energieeffiziente Funkl\u00f6sungen f\u00fcr Zuhause und Gewerbe.<\/p>\t\t\t\t\t\t\t\t<\/div>\n\t\t\t\t<\/div>\n\t\t<div class=\"elementor-element elementor-element-333fa35 e-con-full e-flex e-con e-child\" data-id=\"333fa35\" data-element_type=\"container\" data-settings=\"{&quot;background_background&quot;:&quot;classic&quot;}\">\n\t\t\t\t<\/div>\n\t\t\t\t\t<\/div>\n\t\t\t\t<\/div>\n\t\t<div class=\"elementor-element elementor-element-215ad0c e-flex e-con-boxed e-con e-parent\" data-id=\"215ad0c\" data-element_type=\"container\">\n\t\t\t\t\t<div class=\"e-con-inner\">\n\t\t<div class=\"elementor-element elementor-element-9911586 e-con-full e-flex e-con e-child\" data-id=\"9911586\" data-element_type=\"container\" data-settings=\"{&quot;background_background&quot;:&quot;classic&quot;}\">\n\t\t\t\t<\/div>\n\t\t<div class=\"elementor-element elementor-element-4f216de e-con-full e-flex e-con e-child\" data-id=\"4f216de\" data-element_type=\"container\">\n\t\t\t\t<div class=\"elementor-element elementor-element-46637d2 elementor-widget elementor-widget-text-editor\" data-id=\"46637d2\" data-element_type=\"widget\" data-widget_type=\"text-editor.default\">\n\t\t\t\t\t\t\t\t\t<p><strong>Lichttechnik &amp; professionelle Lichtplanung<br \/><\/strong><br \/>Wir entwickeln individuelle Lichtkonzepte f\u00fcr Wohn- und Gewerber\u00e4ume, von der Planung bis zur Installation. Mit moderner LED-Technik, effizienter Steuerung und perfekt abgestimmten Leuchten schaffen wir funktionale, atmosph\u00e4rische und energieoptimierte Beleuchtungsl\u00f6sungen f\u00fcr jedes Projekt.<\/p>\t\t\t\t\t\t\t\t<\/div>\n\t\t\t\t<\/div>\n\t\t\t\t\t<\/div>\n\t\t\t\t<\/div>\n\t\t<div class=\"elementor-element elementor-element-edff9bc e-flex e-con-boxed e-con e-parent\" data-id=\"edff9bc\" data-element_type=\"container\">\n\t\t\t\t\t<div class=\"e-con-inner\">\n\t\t<div class=\"elementor-element elementor-element-3aa7564 e-con-full e-flex e-con e-child\" data-id=\"3aa7564\" data-element_type=\"container\">\n\t\t\t\t<div class=\"elementor-element elementor-element-2c18ebc elementor-widget elementor-widget-text-editor\" data-id=\"2c18ebc\" data-element_type=\"widget\" data-widget_type=\"text-editor.default\">\n\t\t\t\t\t\t\t\t\t<p><strong>Haus- &amp; T\u00fcrkommunikation<br \/><\/strong><br \/>Wir installieren moderne Haus- und T\u00fcrkommunikationssysteme f\u00fcr mehr Komfort und Sicherheit. Von der klassischen Klingel- und Gegensprechanlage bis zur smarten Video-T\u00fcrstation mit App-Steuerung, wir bieten zuverl\u00e4ssige L\u00f6sungen f\u00fcr Einfamilienh\u00e4user, Mehrfamilienh\u00e4user und Gewerbe.<\/p>\t\t\t\t\t\t\t\t<\/div>\n\t\t\t\t<\/div>\n\t\t<div class=\"elementor-element elementor-element-f34340a e-con-full e-flex e-con e-child\" data-id=\"f34340a\" data-element_type=\"container\" data-settings=\"{&quot;background_background&quot;:&quot;classic&quot;}\">\n\t\t\t\t<\/div>\n\t\t\t\t\t<\/div>\n\t\t\t\t<\/div>\n\t\t<div class=\"elementor-element elementor-element-3de8c5f e-flex e-con-boxed e-con e-parent\" data-id=\"3de8c5f\" data-element_type=\"container\">\n\t\t\t\t\t<div class=\"e-con-inner\">\n\t\t<div class=\"elementor-element elementor-element-faaff65 e-con-full e-flex e-con e-child\" data-id=\"faaff65\" data-element_type=\"container\" data-settings=\"{&quot;background_background&quot;:&quot;classic&quot;}\">\n\t\t\t\t<\/div>\n\t\t<div class=\"elementor-element elementor-element-1932f7b e-con-full e-flex e-con e-child\" data-id=\"1932f7b\" data-element_type=\"container\">\n\t\t\t\t<div class=\"elementor-element elementor-element-7392495 elementor-widget elementor-widget-text-editor\" data-id=\"7392495\" data-element_type=\"widget\" data-widget_type=\"text-editor.default\">\n\t\t\t\t\t\t\t\t\t<p><strong>Telekommunikation &amp; ISDN-Anlagen<\/strong><br \/><br \/>Wir richten moderne Telekommunikationsl\u00f6sungen sowie bestehende ISDN-Systeme fachgerecht ein, erweitern oder migrieren sie auf aktuelle Technik. Ob Telefonanlagen, Verkabelung oder Umstellung auf IP-Telefonie, wir sorgen f\u00fcr zuverl\u00e4ssige, klar strukturierte und zukunftssichere Kommunikationsnetze.<\/p>\t\t\t\t\t\t\t\t<\/div>\n\t\t\t\t<\/div>\n\t\t\t\t\t<\/div>\n\t\t\t\t<\/div>\n\t\t<div class=\"elementor-element elementor-element-1ff1b87 e-flex e-con-boxed e-con e-parent\" data-id=\"1ff1b87\" data-element_type=\"container\">\n\t\t\t\t\t<div class=\"e-con-inner\">\n\t\t<div class=\"elementor-element elementor-element-cd0e9df e-con-full e-flex e-con e-child\" data-id=\"cd0e9df\" data-element_type=\"container\">\n\t\t\t\t<div class=\"elementor-element elementor-element-8483a4c elementor-widget elementor-widget-text-editor\" data-id=\"8483a4c\" data-element_type=\"widget\" data-widget_type=\"text-editor.default\">\n\t\t\t\t\t\t\t\t\t<p><strong>E-Check \u2013 Sicherheit f\u00fcr Ihre Elektroanlage<br \/><\/strong><br \/>Wir f\u00fchren den E-Check nach aktuellen VDE-Richtlinien durch und pr\u00fcfen Ihre elektrischen Anlagen, Ger\u00e4te und Sicherheits\u00adeinrichtungen auf Funktion, Zustand und Betriebssicherheit. Ideal f\u00fcr Hausbesitzer, Vermieter und Gewerbe, f\u00fcr nachweisbare Sicherheit, Schadenspr\u00e4vention und Versicherungsschutz.<\/p>\t\t\t\t\t\t\t\t<\/div>\n\t\t\t\t<\/div>\n\t\t<div class=\"elementor-element elementor-element-291f9cc e-con-full e-flex e-con e-child\" data-id=\"291f9cc\" data-element_type=\"container\" data-settings=\"{&quot;background_background&quot;:&quot;classic&quot;}\">\n\t\t\t\t<\/div>\n\t\t\t\t\t<\/div>\n\t\t\t\t<\/div>\n\t\t<div class=\"elementor-element elementor-element-56ecbdd e-flex e-con-boxed e-con e-parent\" data-id=\"56ecbdd\" data-element_type=\"container\">\n\t\t\t\t\t<div class=\"e-con-inner\">\n\t\t<div class=\"elementor-element elementor-element-fdfa612 e-con-full e-flex e-con e-child\" data-id=\"fdfa612\" data-element_type=\"container\" data-settings=\"{&quot;background_background&quot;:&quot;classic&quot;}\">\n\t\t\t\t<\/div>\n\t\t<div class=\"elementor-element elementor-element-a063781 e-con-full e-flex e-con e-child\" data-id=\"a063781\" data-element_type=\"container\">\n\t\t\t\t<div class=\"elementor-element elementor-element-af6f1fe elementor-widget elementor-widget-text-editor\" data-id=\"af6f1fe\" data-element_type=\"widget\" data-widget_type=\"text-editor.default\">\n\t\t\t\t\t\t\t\t\t<p><strong>Netzwerk- &amp; Datentechnik<br \/><\/strong><br \/>Wir planen und installieren leistungsstarke Netzwerk- und Datentechnik f\u00fcr Zuhause und Gewerbe. Von strukturierter Verkabelung \u00fcber Patchfelder bis zu Switches und WLAN-L\u00f6sungen, wir sorgen f\u00fcr stabile Verbindungen, hohe Datenraten und eine zukunftssichere Infrastruktur.<\/p>\t\t\t\t\t\t\t\t<\/div>\n\t\t\t\t<\/div>\n\t\t\t\t\t<\/div>\n\t\t\t\t<\/div>\n\t\t<div class=\"elementor-element elementor-element-e599e7f e-flex e-con-boxed e-con e-parent\" data-id=\"e599e7f\" data-element_type=\"container\">\n\t\t\t\t\t<div class=\"e-con-inner\">\n\t\t<div class=\"elementor-element elementor-element-3d9309d e-con-full e-flex e-con e-child\" data-id=\"3d9309d\" data-element_type=\"container\">\n\t\t\t\t<div class=\"elementor-element elementor-element-7b6afee elementor-widget elementor-widget-text-editor\" data-id=\"7b6afee\" data-element_type=\"widget\" data-widget_type=\"text-editor.default\">\n\t\t\t\t\t\t\t\t\t<p><strong>Elektroheizung &amp; Warmwasserger\u00e4te<\/strong><br \/><br \/>Wir installieren effiziente Elektroheizungen und moderne Warmwasserger\u00e4te f\u00fcr Wohn- und Gewerber\u00e4ume. Von Durchlauferhitzern \u00fcber Boiler bis zu elektrischen Heizsystemen bieten wir zuverl\u00e4ssige, energiesparende L\u00f6sungen f\u00fcr Komfort und W\u00e4rme im Alltag.<\/p>\t\t\t\t\t\t\t\t<\/div>\n\t\t\t\t<\/div>\n\t\t<div class=\"elementor-element elementor-element-350f02c e-con-full e-flex e-con e-child\" data-id=\"350f02c\" data-element_type=\"container\" data-settings=\"{&quot;background_background&quot;:&quot;classic&quot;}\">\n\t\t\t\t<\/div>\n\t\t\t\t\t<\/div>\n\t\t\t\t<\/div>\n\t\t<div class=\"elementor-element elementor-element-233fcf5 e-flex e-con-boxed e-con e-parent\" data-id=\"233fcf5\" data-element_type=\"container\">\n\t\t\t\t\t<div class=\"e-con-inner\">\n\t\t<div class=\"elementor-element elementor-element-89c828b e-con-full e-flex e-con e-child\" data-id=\"89c828b\" data-element_type=\"container\" data-settings=\"{&quot;background_background&quot;:&quot;classic&quot;}\">\n\t\t\t\t<\/div>\n\t\t<div class=\"elementor-element elementor-element-c68be2d e-con-full e-flex e-con e-child\" data-id=\"c68be2d\" data-element_type=\"container\">\n\t\t\t\t<div class=\"elementor-element elementor-element-89c4d98 elementor-widget elementor-widget-text-editor\" data-id=\"89c4d98\" data-element_type=\"widget\" data-widget_type=\"text-editor.default\">\n\t\t\t\t\t\t\t\t\t<p><strong>Jalousiesteuerung<\/strong><\/p><p>Wir installieren moderne Jalousie- und Rollladensteuerungen f\u00fcr mehr Komfort, Sicherheit und Energieeffizienz. Ob manuell, automatisch oder smart per App, wir bieten individuelle Steuerungsl\u00f6sungen f\u00fcr Neubau, Sanierung und die einfache Nachr\u00fcstung.<\/p>\t\t\t\t\t\t\t\t<\/div>\n\t\t\t\t<\/div>\n\t\t\t\t\t<\/div>\n\t\t\t\t<\/div>\n\t\t<div class=\"elementor-element elementor-element-7d0d048 e-flex e-con-boxed e-con e-parent\" data-id=\"7d0d048\" data-element_type=\"container\">\n\t\t\t\t\t<div class=\"e-con-inner\">\n\t\t<div class=\"elementor-element elementor-element-2a9c886 e-con-full e-flex e-con e-child\" data-id=\"2a9c886\" data-element_type=\"container\">\n\t\t\t\t<div class=\"elementor-element elementor-element-0d9d048 elementor-widget elementor-widget-text-editor\" data-id=\"0d9d048\" data-element_type=\"widget\" data-widget_type=\"text-editor.default\">\n\t\t\t\t\t\t\t\t\t<p><strong>Stromverteilungsanlagen &amp; Verteilerbau<br \/><\/strong><br \/>Wir planen, fertigen und installieren moderne Stromverteilungsanlagen f\u00fcr Wohn- und Gewerbeobjekte. Dazu geh\u00f6ren Z\u00e4hlerschr\u00e4nke, Unterverteilungen und individuelle Verteilerl\u00f6sungen, fachgerecht aufgebaut, sauber beschriftet und nach aktuellen Normen. F\u00fcr sichere Energieverteilung und zuverl\u00e4ssigen Anlagenbetrieb.<\/p>\t\t\t\t\t\t\t\t<\/div>\n\t\t\t\t<\/div>\n\t\t<div class=\"elementor-element elementor-element-6120b75 e-con-full e-flex e-con e-child\" data-id=\"6120b75\" data-element_type=\"container\" data-settings=\"{&quot;background_background&quot;:&quot;classic&quot;}\">\n\t\t\t\t<\/div>\n\t\t\t\t\t<\/div>\n\t\t\t\t<\/div>\n\t\t<div class=\"elementor-element elementor-element-de1cff6 e-flex e-con-boxed e-con e-parent\" data-id=\"de1cff6\" data-element_type=\"container\">\n\t\t\t\t\t<div class=\"e-con-inner\">\n\t\t<div class=\"elementor-element elementor-element-6da3dda e-con-full e-flex e-con e-child\" data-id=\"6da3dda\" data-element_type=\"container\" data-settings=\"{&quot;background_background&quot;:&quot;classic&quot;}\">\n\t\t\t\t<\/div>\n\t\t<div class=\"elementor-element elementor-element-1ae0f15 e-con-full e-flex e-con e-child\" data-id=\"1ae0f15\" data-element_type=\"container\">\n\t\t\t\t<div class=\"elementor-element elementor-element-058166e elementor-widget elementor-widget-text-editor\" data-id=\"058166e\" data-element_type=\"widget\" data-widget_type=\"text-editor.default\">\n\t\t\t\t\t\t\t\t\t<p><strong>Hausger\u00e4te &amp; Hausinstallation<br \/><\/strong><br \/>Wir \u00fcbernehmen die fachgerechte Installation und den Anschluss von Hausger\u00e4ten sowie die komplette Elektro-Hausinstallation. Von K\u00fcchen- und Gro\u00dfger\u00e4ten \u00fcber Steckdosen und Leitungen bis zu Absicherungen sorgen wir f\u00fcr sichere, saubere und zuverl\u00e4ssige Elektroarbeiten im ganzen Haus.<\/p>\t\t\t\t\t\t\t\t<\/div>\n\t\t\t\t<\/div>\n\t\t\t\t\t<\/div>\n\t\t\t\t<\/div>\n\t\t\t\t<\/div>\n\t\t","protected":false},"excerpt":{"rendered":"<p>Schr\u00e4nkler Elektrotechnikseit \u00fcber 30 Jahren Leistungen Elektroinstallationen Wir bieten moderne und sichere Elektroinstallationen f\u00fcr Haus und Gewerbe, von Steckdosen und Beleuchtung bis zu Smart-Home- und Netzwerktechnik. Fachgerecht, effizient und nach aktuellen Normen. Zuverl\u00e4ssiger Elektroservice f\u00fcr Neubau, Sanierung und Erweiterung. Funk-Smart-Home Wir installieren moderne Elektroanlagen sowie funkbasierte Smart-Home-Systeme, ideal zur schnellen Nachr\u00fcstung ohne zus\u00e4tzliche Kabel. Ob [&hellip;]<\/p>\n","protected":false},"author":4,"featured_media":0,"parent":0,"menu_order":0,"comment_status":"closed","ping_status":"closed","template":"","meta":{"footnotes":""},"class_list":["post-89","page","type-page","status-publish","hentry"],"_links":{"self":[{"href":"https:\/\/schraenkler-elektrotechnik.de\/index.php?rest_route=\/wp\/v2\/pages\/89","targetHints":{"allow":["GET"]}}],"collection":[{"href":"https:\/\/schraenkler-elektrotechnik.de\/index.php?rest_route=\/wp\/v2\/pages"}],"about":[{"href":"https:\/\/schraenkler-elektrotechnik.de\/index.php?rest_route=\/wp\/v2\/types\/page"}],"author":[{"embeddable":true,"href":"https:\/\/schraenkler-elektrotechnik.de\/index.php?rest_route=\/wp\/v2\/users\/4"}],"replies":[{"embeddable":true,"href":"https:\/\/schraenkler-elektrotechnik.de\/index.php?rest_route=%2Fwp%2Fv2%2Fcomments&post=89"}],"version-history":[{"count":16,"href":"https:\/\/schraenkler-elektrotechnik.de\/index.php?rest_route=\/wp\/v2\/pages\/89\/revisions"}],"predecessor-version":[{"id":183,"href":"https:\/\/schraenkler-elektrotechnik.de\/index.php?rest_route=\/wp\/v2\/pages\/89\/revisions\/183"}],"wp:attachment":[{"href":"https:\/\/schraenkler-elektrotechnik.de\/index.php?rest_route=%2Fwp%2Fv2%2Fmedia&parent=89"}],"curies":[{"name":"wp","href":"https:\/\/api.w.org\/{rel}","templated":true}]}}