{"id":29,"date":"2025-12-02T17:48:54","date_gmt":"2025-12-02T16:48:54","guid":{"rendered":"http:\/\/GOBYnet"},"modified":"2026-01-13T14:18:02","modified_gmt":"2026-01-13T13:18:02","slug":"impressum","status":"publish","type":"page","link":"https:\/\/schraenkler-elektrotechnik.de\/?page_id=29","title":{"rendered":"Impressum"},"content":{"rendered":"\t\t<div data-elementor-type=\"wp-page\" data-elementor-id=\"29\" class=\"elementor elementor-29\" data-elementor-post-type=\"page\">\n\t\t\t\t<div class=\"elementor-element elementor-element-20eb8466 e-con-full e-flex e-con e-parent\" data-id=\"20eb8466\" data-element_type=\"container\">\n\t\t\t\t<div class=\"elementor-element elementor-element-5c6cdaa7 elementor--h-position-left elementor--v-position-bottom elementor-widget elementor-widget-slides\" data-id=\"5c6cdaa7\" data-element_type=\"widget\" data-settings=\"{&quot;navigation&quot;:&quot;none&quot;,&quot;autoplay&quot;:&quot;yes&quot;,&quot;autoplay_speed&quot;:5000,&quot;infinite&quot;:&quot;yes&quot;,&quot;transition&quot;:&quot;slide&quot;,&quot;transition_speed&quot;:500}\" data-widget_type=\"slides.default\">\n\t\t\t\t\t\t\t\t\t\t<div class=\"elementor-slides-wrapper elementor-main-swiper swiper\" role=\"region\" aria-roledescription=\"carousel\" aria-label=\"Slides\" dir=\"ltr\" data-animation=\"fadeInUp\">\n\t\t\t\t<div class=\"swiper-wrapper elementor-slides\">\n\t\t\t\t\t\t\t\t\t\t<div class=\"elementor-repeater-item-9a8c82a swiper-slide\" role=\"group\" aria-roledescription=\"slide\"><div class=\"swiper-slide-bg elementor-ken-burns elementor-ken-burns--in\" role=\"img\" aria-label=\"b2c_3_4_5_1_Gira_Dimmer_und_Tastdimmer_Bild_07\"><\/div><div class=\"elementor-background-overlay\"><\/div><div class=\"swiper-slide-inner\" ><div class=\"swiper-slide-contents\"><div class=\"elementor-slide-heading\">Schr\u00e4nkler Elektrotechnik<\/div><div class=\"elementor-slide-description\">seit \u00fcber 30 Jahren<\/div><\/div><\/div><\/div>\t\t\t\t<\/div>\n\t\t\t\t\t\t\t<\/div>\n\t\t\t\t\t\t\t\t<\/div>\n\t\t\t\t<\/div>\n\t\t<div class=\"elementor-element elementor-element-b48fce5 e-flex e-con-boxed e-con e-parent\" data-id=\"b48fce5\" data-element_type=\"container\">\n\t\t\t\t\t<div class=\"e-con-inner\">\n\t\t\t\t<div class=\"elementor-element elementor-element-b1d912d elementor-widget elementor-widget-html\" data-id=\"b1d912d\" data-element_type=\"widget\" data-widget_type=\"html.default\">\n\t\t\t\t\t<!DOCTYPE html><html lang='de'><body>\n<h1>IMPRESSUM<\/h1>\n<H2>ANBIETER DER WEBSITE<\/H2>\n<p> Thomas Schr\u00e4nkler<br\/>\nGerhart Hauptmannstr. 27<br\/>\n68766 Hockenheim <\/p>\n<p> Telefon: 06205-5308 <\/p>\n<p>Website: <a href='https:\/\/www.schraenkler-elektrotechnik.de'>https:\/\/www.schraenklerelektrotechnik.de<\/a><br\/>\nE-Mail: <a href='mailto:ls-Elektrotechnik@gmx.de'>ls-elektrotechnik@gmx.de<\/a> <\/p>\n<p>Unternehmensform: Einzelunternehmen <\/p>\n<p>Berufs- oder T\u00e4tigkeitsbezeichnung: Elektro-Meisterbetrieb<\/p>\n\n<H2>MITGLIEDSCHAFTEN<\/H2>\n<H3>KAMMER<\/H3>\n<p>Handwerkskammer Mannheim<br\/>\nB1 1-2,<br\/>\n68159 Mannheim<br\/>\n<\/p>\n<p><a href='https:\/\/www.hwk-mannheim.de'>https:\/\/www.hwk-mannheim.de<\/a><\/p>\n<H2>BERUFSRECHTLICHE REGELUNGEN<\/H2>\n<ul>\n<li>Gesetz zur Ordnung des Handwerks (Handwerksordnung), abrufbar unter <a\nhref='https:\/\/www.gesetze-im-internet.de\/hwo'>https:\/\/www.gesetze-im-internet.de\/hwo<\/a><\/li>\n<\/ul>\n<H2>STREITBEILEGUNG<\/H2>\n<p>Hinweis zur Verbraucherinformation gem\u00e4\u00df DSA (Verordnung (EU) 2022\/2065): Bei verbraucherrechtlichen\nProblemen k\u00f6nnen Sie auf der Website \u201eIhr Europa\u201c (<a\nhref='https:\/\/europa.eu\/youreurope\/citizens\/consumers\/'>https:\/\/europa.eu\/youreurope\/citizens\/consumers\/<\/a>)\nn\u00fctzliche Beratung finden. Dar\u00fcber hinaus k\u00f6nnen Sie sich an eine au\u00dfergerichtliche Streitbeilegungsstelle wenden,\ndie gem\u00e4\u00df Artikel 21 der Verordnung (EU) 2022\/2065 (Gesetz \u00fcber digitale Dienste) zertifiziert ist. Eine \u00dcbersicht \u00fcber\ndiese Stellen stellt die Europ\u00e4ische Kommission unter folgendem Link bereit: <a\nhref='https:\/\/digital-strategy.ec.europa.eu\/de\/policies\/dsa-out-court-dispute-settlement'>https:\/\/digital-strategy.ec.eur\nopa.eu\/de\/policies\/dsa-out-court-dispute-settlement<\/a>. Wir sind weder verpflichtet noch bereit, an einem\nStreitschlichtungsverfahren teilzunehmen. <\/p>\n<p>Information zur alternativen Streitbeilegung nach \u00a7 36 Verbraucherstreitbeilegungsgesetz - VSBG (abrufbar unter\n<a href='https:\/\/www.gesetze-im-internet.de\/vsbg\/'>https:\/\/www.gesetze-im-internet.de\/vsbg\/<\/a>): Der\nUnternehmer, der diese Webseite unterh\u00e4lt, ist weder bereit noch verpflichtet an einem Streitbeilegungsverfahren vor\neiner Verbraucherschlichtungsstelle teilzunehmen. <\/p>\n<H2>VERANTWORTLICH F\u00dcR DEN INHALT NACH \u00a7 18 ABS. 2\nMSTV<\/H2>\n<p> Thomas Schr\u00e4nkler <\/p>\n<H2>DISCLAIMER<\/H2>\n<H3>HAFTUNG<\/H3>\n<p>Wir sind f\u00fcr die Inhalte unserer Internetseiten nach den Ma\u00dfgaben der allgemeinen Gesetzen, insbesondere nach\n\u00a7 7 Abs. 1 des Telemediengesetzes, verantwortlich. Alle Inhalte werden mit der gebotenen Sorgfalt und nach bestem\nWissen erstellt. Soweit wir auf unseren Internetseiten mittels Hyperlink auf Internetseiten Dritter verweisen, k\u00f6nnen\nwir keine Gew\u00e4hr f\u00fcr die fortw\u00e4hrende Aktualit\u00e4t, Richtigkeit und Vollst\u00e4ndigkeit der verlinkten Inhalte \u00fcbernehmen,\nda diese Inhalte au\u00dferhalb unseres Verantwortungsbereichs liegen und wir auf die zuk\u00fcnftige Gestaltung keinen\nEinfluss haben. Sollten aus Ihrer Sicht Inhalte gegen geltendes Recht versto\u00dfen oder unangemessen sein, teilen Sie\nuns dies bitte mit.<\/p>\n<p>Die rechtlichen Hinweise auf dieser Seite sowie alle Fragen und Streitigkeiten im Zusammenhang mit der\nGestaltung dieser Internetseite unterliegen dem Recht der Bundesrepublik Deutschland.<\/p>\n<H3>DATENSCHUTZ<\/H3>\n<p>Unsere Datenschutzhinweise finden Sie unter <a href='https:\/\/www.schraenklerelektrotechnik.\nde\/datenschutz'>https:\/\/www.schraenkler-elektrotechnik.de\/datenschutz<\/a>. <\/p>\n<H3>URHEBERRECHTSHINWEIS<\/H3>\n<p>Die auf unserer Internetseite vorhandenen Texte, Bilder, Fotos, Videos oder Grafiken unterliegen in der Regel\ndem Schutz des Urheberrechts. Jede unberechtigte Verwendung (insbesondere die Vervielf\u00e4ltigung, Bearbeitung oder\nVerbreitung) dieser urheberrechtsgesch\u00fctzten Inhalte ist daher untersagt. Wenn Sie beabsichtigen, diese Inhalte oder\nTeile davon zu verwenden, kontaktieren Sie uns bitte im Voraus unter den oben stehenden Angaben. Soweit wir nicht\nselbst Inhaber der ben\u00f6tigten urheberrechtlichen Nutzungsrechte sein sollten, bem\u00fchen wir uns, einen Kontakt zum\nBerechtigten zu vermitteln.<\/p>\n<\/body><\/html>\t\t\t\t<\/div>\n\t\t\t\t\t<\/div>\n\t\t\t\t<\/div>\n\t\t\t\t<\/div>\n\t\t","protected":false},"excerpt":{"rendered":"<p>Schr\u00e4nkler Elektrotechnikseit \u00fcber 30 Jahren IMPRESSUM ANBIETER DER WEBSITE Thomas Schr\u00e4nkler Gerhart Hauptmannstr. 27 68766 Hockenheim Telefon: 06205-5308 Website: https:\/\/www.schraenklerelektrotechnik.de E-Mail: ls-elektrotechnik@gmx.de Unternehmensform: Einzelunternehmen Berufs- oder T\u00e4tigkeitsbezeichnung: Elektro-Meisterbetrieb MITGLIEDSCHAFTEN KAMMER Handwerkskammer Mannheim B1 1-2, 68159 Mannheim https:\/\/www.hwk-mannheim.de BERUFSRECHTLICHE REGELUNGEN Gesetz zur Ordnung des Handwerks (Handwerksordnung), abrufbar unter https:\/\/www.gesetze-im-internet.de\/hwo STREITBEILEGUNG Hinweis zur Verbraucherinformation gem\u00e4\u00df DSA (Verordnung [&hellip;]<\/p>\n","protected":false},"author":1,"featured_media":0,"parent":0,"menu_order":0,"comment_status":"closed","ping_status":"closed","template":"","meta":{"footnotes":""},"class_list":["post-29","page","type-page","status-publish","hentry"],"_links":{"self":[{"href":"https:\/\/schraenkler-elektrotechnik.de\/index.php?rest_route=\/wp\/v2\/pages\/29","targetHints":{"allow":["GET"]}}],"collection":[{"href":"https:\/\/schraenkler-elektrotechnik.de\/index.php?rest_route=\/wp\/v2\/pages"}],"about":[{"href":"https:\/\/schraenkler-elektrotechnik.de\/index.php?rest_route=\/wp\/v2\/types\/page"}],"author":[{"embeddable":true,"href":"https:\/\/schraenkler-elektrotechnik.de\/index.php?rest_route=\/wp\/v2\/users\/1"}],"replies":[{"embeddable":true,"href":"https:\/\/schraenkler-elektrotechnik.de\/index.php?rest_route=%2Fwp%2Fv2%2Fcomments&post=29"}],"version-history":[{"count":12,"href":"https:\/\/schraenkler-elektrotechnik.de\/index.php?rest_route=\/wp\/v2\/pages\/29\/revisions"}],"predecessor-version":[{"id":210,"href":"https:\/\/schraenkler-elektrotechnik.de\/index.php?rest_route=\/wp\/v2\/pages\/29\/revisions\/210"}],"wp:attachment":[{"href":"https:\/\/schraenkler-elektrotechnik.de\/index.php?rest_route=%2Fwp%2Fv2%2Fmedia&parent=29"}],"curies":[{"name":"wp","href":"https:\/\/api.w.org\/{rel}","templated":true}]}}