{"id":26,"date":"2025-12-02T17:48:53","date_gmt":"2025-12-02T16:48:53","guid":{"rendered":"https:\/\/schraenkler.kuebler-webseite.de\/?page_id=26"},"modified":"2025-12-03T15:07:14","modified_gmt":"2025-12-03T14:07:14","slug":"startseite","status":"publish","type":"page","link":"https:\/\/schraenkler-elektrotechnik.de\/","title":{"rendered":"Startseite"},"content":{"rendered":"\t\t<div data-elementor-type=\"wp-page\" data-elementor-id=\"26\" class=\"elementor elementor-26\" data-elementor-post-type=\"page\">\n\t\t\t\t<div class=\"elementor-element elementor-element-5cf6f0d4 e-con-full e-flex e-con e-parent\" data-id=\"5cf6f0d4\" data-element_type=\"container\">\n\t\t\t\t<div class=\"elementor-element elementor-element-379209d8 elementor--h-position-left elementor--v-position-bottom elementor-widget elementor-widget-slides\" data-id=\"379209d8\" data-element_type=\"widget\" data-settings=\"{&quot;navigation&quot;:&quot;none&quot;,&quot;autoplay&quot;:&quot;yes&quot;,&quot;autoplay_speed&quot;:5000,&quot;infinite&quot;:&quot;yes&quot;,&quot;transition&quot;:&quot;slide&quot;,&quot;transition_speed&quot;:500}\" data-widget_type=\"slides.default\">\n\t\t\t\t\t\t\t\t\t\t<div class=\"elementor-slides-wrapper elementor-main-swiper swiper\" role=\"region\" aria-roledescription=\"carousel\" aria-label=\"Slides\" dir=\"ltr\" data-animation=\"fadeInUp\">\n\t\t\t\t<div class=\"swiper-wrapper elementor-slides\">\n\t\t\t\t\t\t\t\t\t\t<div class=\"elementor-repeater-item-9a8c82a swiper-slide\" role=\"group\" aria-roledescription=\"slide\"><div class=\"swiper-slide-bg elementor-ken-burns elementor-ken-burns--in\" role=\"img\" aria-label=\"E1_3f-quer_StDo-USB-AC_IP-Radio-AN-DE_Rwg_Milieu_Kueche-Essbereich_E1-3f-USB-Schuko_Lautsprecher_Radio\"><\/div><div class=\"elementor-background-overlay\"><\/div><div class=\"swiper-slide-inner\" ><div class=\"swiper-slide-contents\"><div class=\"elementor-slide-heading\">Schr\u00e4nkler Elektrotechnik<\/div><div class=\"elementor-slide-description\">seit \u00fcber 30 Jahren<\/div><\/div><\/div><\/div>\t\t\t\t<\/div>\n\t\t\t\t\t\t\t<\/div>\n\t\t\t\t\t\t\t\t<\/div>\n\t\t\t\t<\/div>\n\t\t<div class=\"elementor-element elementor-element-1d9f402c e-flex e-con-boxed e-con e-parent\" data-id=\"1d9f402c\" data-element_type=\"container\">\n\t\t\t\t\t<div class=\"e-con-inner\">\n\t\t\t\t<div class=\"elementor-element elementor-element-564bdb69 elementor-widget elementor-widget-heading\" data-id=\"564bdb69\" data-element_type=\"widget\" data-widget_type=\"heading.default\">\n\t\t\t\t\t<h1 class=\"elementor-heading-title elementor-size-default\">Ihr Fachmann f\u00fcr alle Art der Elektroinstallation<\/h1>\t\t\t\t<\/div>\n\t\t\t\t\t<\/div>\n\t\t\t\t<\/div>\n\t\t<div class=\"elementor-element elementor-element-19eb72a4 e-flex e-con-boxed e-con e-parent\" data-id=\"19eb72a4\" data-element_type=\"container\">\n\t\t\t\t\t<div class=\"e-con-inner\">\n\t\t<div class=\"elementor-element elementor-element-26866f58 e-con-full e-flex e-con e-child\" data-id=\"26866f58\" data-element_type=\"container\" data-settings=\"{&quot;background_background&quot;:&quot;classic&quot;}\">\n\t\t\t\t<\/div>\n\t\t<div class=\"elementor-element elementor-element-1f93824d e-con-full e-flex e-con e-child\" data-id=\"1f93824d\" data-element_type=\"container\">\n\t\t\t\t<div class=\"elementor-element elementor-element-4f8e7546 elementor-widget elementor-widget-text-editor\" data-id=\"4f8e7546\" data-element_type=\"widget\" data-widget_type=\"text-editor.default\">\n\t\t\t\t\t\t\t\t\t<h2>Willkommen<\/h2><p>Wenn Sie kompetente Partner und Fachleute rund um die Haustechnik suchen, dann sind Sie bei uns richtig. Wir sorgen daf\u00fcr, dass bei Ihnen der Strom nicht ausgeht, Sie immer funktionst\u00fcchtige Ger\u00e4te und stehts die aktuellen Neuigkeiten aus aller Welt haben.<\/p>\t\t\t\t\t\t\t\t<\/div>\n\t\t\t\t<div class=\"elementor-element elementor-element-7aa2c804 elementor-widget elementor-widget-text-editor\" data-id=\"7aa2c804\" data-element_type=\"widget\" data-widget_type=\"text-editor.default\">\n\t\t\t\t\t\t\t\t\t<p>Unser Betrieb ist spezialisiert auf die Bereiche:<\/p><ul><li>Elektroplanungen<\/li><li>Elektroinstallationen<\/li><li>Lichtl\u00f6sungen<\/li><li>Ger\u00e4tehandel\u00a0<\/li><\/ul>\t\t\t\t\t\t\t\t<\/div>\n\t\t\t\t<\/div>\n\t\t\t\t\t<\/div>\n\t\t\t\t<\/div>\n\t\t\t\t<\/div>\n\t\t","protected":false},"excerpt":{"rendered":"<p>Schr\u00e4nkler Elektrotechnikseit \u00fcber 30 Jahren Ihr Fachmann f\u00fcr alle Art der Elektroinstallation Willkommen Wenn Sie kompetente Partner und Fachleute rund um die Haustechnik suchen, dann sind Sie bei uns richtig. Wir sorgen daf\u00fcr, dass bei Ihnen der Strom nicht ausgeht, Sie immer funktionst\u00fcchtige Ger\u00e4te und stehts die aktuellen Neuigkeiten aus aller Welt haben. Unser Betrieb [&hellip;]<\/p>\n","protected":false},"author":1,"featured_media":0,"parent":0,"menu_order":0,"comment_status":"closed","ping_status":"closed","template":"","meta":{"footnotes":""},"class_list":["post-26","page","type-page","status-publish","hentry"],"_links":{"self":[{"href":"https:\/\/schraenkler-elektrotechnik.de\/index.php?rest_route=\/wp\/v2\/pages\/26","targetHints":{"allow":["GET"]}}],"collection":[{"href":"https:\/\/schraenkler-elektrotechnik.de\/index.php?rest_route=\/wp\/v2\/pages"}],"about":[{"href":"https:\/\/schraenkler-elektrotechnik.de\/index.php?rest_route=\/wp\/v2\/types\/page"}],"author":[{"embeddable":true,"href":"https:\/\/schraenkler-elektrotechnik.de\/index.php?rest_route=\/wp\/v2\/users\/1"}],"replies":[{"embeddable":true,"href":"https:\/\/schraenkler-elektrotechnik.de\/index.php?rest_route=%2Fwp%2Fv2%2Fcomments&post=26"}],"version-history":[{"count":16,"href":"https:\/\/schraenkler-elektrotechnik.de\/index.php?rest_route=\/wp\/v2\/pages\/26\/revisions"}],"predecessor-version":[{"id":88,"href":"https:\/\/schraenkler-elektrotechnik.de\/index.php?rest_route=\/wp\/v2\/pages\/26\/revisions\/88"}],"wp:attachment":[{"href":"https:\/\/schraenkler-elektrotechnik.de\/index.php?rest_route=%2Fwp%2Fv2%2Fmedia&parent=26"}],"curies":[{"name":"wp","href":"https:\/\/api.w.org\/{rel}","templated":true}]}}